hat are the prime factors of o?
2, 3
Let h = 217 + -11. What are the prime factors of h?
2, 103
Let y(z) = -3*z**3 - 3*z - 5. What are the prime factors of y(-3)?
5, 17
Let h(y) be the second derivative of -2*y + 1/20*y**5 + 0 - 1/3*y**3 + 1/3*y**4 + 0*y**2. What are the prime factors of h(-4)?
2
What are the prime factors of (12/18)/(6/783)?
3, 29
Suppose -4*o + 90 = 2*s - 60, -5*s + 185 = 5*o. What are the prime factors of o?
2, 19
Let w(x) = x**3 + 7*x**2 + 7*x + 9. Let j be w(-6). Suppose 3*p = -p - j*d, 0 = -4*p - 2*d. Let n = p - -8. What are the prime factors of n?
2
Let f be (-5)/25 + (-2)/(-10). Suppose f = -4*u + 6 + 42. Let c = -8 + u. List the prime factors of c.
2
Suppose 2*a + 3*a = 0. Suppose 0*w - w + 6 = a. Let u(z) = 2*z - 6. What are the prime factors of u(w)?
2, 3
What are the prime factors of (-468)/24*(-2)/3?
13
Suppose 0 = 4*a - 3*i - 2*i + 37, a - 5*i + 28 = 0. Let f = 5 - a. List the prime factors of f.
2
Suppose -5*f - 17 - 13 = 5*n, f + 5*n = -10. Let s be f/(-10) - 1/2. Let g = 11 - s. List the prime factors of g.
11
Let k = 2 + 10. What are the prime factors of k?
2, 3
Let h(n) = n - 7. Let t be h(0). List the prime factors of 7*t/(147/(-72)).
2, 3
Let d(g) = 15*g**2 + 5*g + 4. List the prime factors of d(-2).
2, 3
Suppose f - 15 = -7*j + 2*j, -f + 2*j = -22. What are the prime factors of f?
2, 5
Let s(f) be the third derivative of -f**5/60 + f**4/4 + 2*f**3/3 + 2*f**2. List the prime factors of s(5).
3
Let u(d) = d**3 + 5*d**2 + 3*d + 5. List the prime factors of u(-3).
2, 7
Suppose -d + 19 = -2*t, -4*d + 4*t + 25 = -55. Let p = 34 - d. What are the prime factors of p?
13
Let s = 36 - -4. What are the prime factors of s?
2, 5
Let l(g) = -5 - 3 - 5*g + g**2 + 5. Let r be l(6). Let a = 6 - r. List the prime factors of a.
3
Let k be (-4)/3*(-9)/6. Let s = 5 - k. Suppose 3*u + 4*d - 23 = 0, 2*d - 13 = -3*u + s*d. What are the prime factors of u?
5
Let t be -4 + 26 - -1*2. List the prime factors of t/9*9/6.
2
Let a(w) be the third derivative of w**4/12 + w**3/3 + w**2. What are the prime factors of a(2)?
2, 3
Let a = -59 - -149. What are the prime factors of a?
2, 3, 5
Let r = 4 + 8. What are the prime factors of (0 + -1)/((-1)/r)?
2, 3
Suppose -3*d = 3, 2*n - d = 7*n - 249. Suppose -4*x + n + 62 = 0. List the prime factors of x.
2, 7
Suppose 4*h - a = a - 20, 3*h - 4*a = -25. What are the prime factors of (2/(-2))/(h/54)?
2, 3
Let m(g) = -g**3 + 5*g**2 - 5*g + 1. Let j be m(4). Let t = 15 - 7. Let p = t - j. What are the prime factors of p?
11
Suppose -3*g - 2*g + p + 39 = 0, -3 = -g + 5*p. Suppose -o + g = o. What are the prime factors of o?
2
Let r(c) = -c + 17. Let b(m) = m + 5. Let s be b(-5). List the prime factors of r(s).
17
Let h be 124/(-2 - 0)*2. List the prime factors of 9/6*h/(-6).
31
Let h(a) = -a**2 - 13*a + 6. Let z be h(-12). Let s be ((z - -2)*-1)/(-1). List the prime factors of s/50 + 13/5.
3
Let t(i) = -1 + 3*i + 0*i - 4*i + 2*i. Let q(h) = -4*h + 12. Let y(u) = q(u) + 3*t(u). What are the prime factors of y(7)?
2
Let a(h) = 19*h - 1. Let v be (-10)/(-3)*(-18)/(-10). Suppose 0 = -i - i - 3*l - 10, v = 2*i - l. What are the prime factors of a(i)?
2, 3
Suppose 4*k + 3 = -1. List the prime factors of 14 + (k - -3)/(-2).
13
Suppose 0 = g - 62 + 9. What are the prime factors of g?
53
Let v(z) = -6*z - 8. Let j be v(-6). Let d be -2*(-20)/2 - (14 - 14). Let u = j - d. List the prime factors of u.
2
What are the prime factors of (-567)/(-15) + 20/(-25)?
37
Suppose -15*l - 50 = -20*l. List the prime factors of l.
2, 5
Let s(z) be the third derivative of -z**4/24 - z**3/3 - 4*z**2. What are the prime factors of s(-6)?
2
Suppose 0 = 5*d + 2*m + 3*m + 110, 5*m = 2*d + 16. What are the prime factors of (-400)/(-18) + 4/d?
2, 11
List the prime factors of (-8)/(-24)*(122 + 1).
41
Let d(l) = l**2 + l + 1. Let w(q) = 4*q**2 + 8*q + 5. Let z(h) = 3*d(h) - w(h). What are the prime factors of z(-4)?
2
Let h = -112 + 366. List the prime factors of h.
2, 127
Suppose -7*x - 237 = -10*x. List the prime factors of x.
79
Suppose -106 = -3*u - 5*m, -4*u + 3*m = 2*m - 126. List the prime factors of (-30)/10 + 0 + u.
29
Let h = 92 - 44. Let k = h + -18. What are the prime factors of k?
2, 3, 5
Let o = 4 + -1. Suppose -3*y = -3, -3*y = -o*g + 2*y + 1. Suppose 2*u + 4*w + g = 0, -13 = -5*u - w + 27. List the prime factors of u.
3
Let q = -19 - -48. What are the prime factors of q?
29
Let a be (75/12)/(1/12). Suppose -a = -j - 2*j. Suppose 2*x - 57 = -j. What are the prime factors of x?
2
Let r(p) = -p. Let c(k) = -k**2 - 7*k - 1. Let m(v) = -c(v) - 5*r(v). List the prime factors of m(-13).
2, 7
Let h(a) = -a**3 + 11*a**2 - 9*a - 11. What are the prime factors of h(9)?
2, 5, 7
Suppose l - 25 = -4*l. Suppose 5*f = 15, -20 = -5*x - 0*f - l*f. Suppose y - x = 2. List the prime factors of y.
3
Let c be 16/3 + (-4)/(-6). Let i(j) = j - 3. Let k be i(c). Suppose -y + 4*z = 2*z - 3, -k*y + 37 = z. What are the prime factors of y?
11
Let u(s) = 5*s + 14. List the prime factors of u(10).
2
Let j = -13 - -19. Suppose -s - 200 = -j*s. What are the prime factors of s?
2, 5
Let a = 52 - 4. What are the prime factors of a?
2, 3
Let u(r) = 6*r - 1. Suppose -c - 4 = 0, 3*y = c + 8 + 2. List the prime factors of u(y).
11
What are the prime factors of (-8)/6*12/(-8)?
2
Let r = 6 - 4. Let y(x) = x**2 - 7*x - 1. Let s be y(8). Suppose -4*k + r = 2*z, -4*k = 4*z - 5 - s. What are the prime factors of z?
5
Let n(b) be the first derivative of -b**3/3 + 5*b**2/2 + 3. What are the prime factors of n(4)?
2
Let g(j) = 3*j**2 + j - 2. Let v(l) = 3*l - 2*l - 6 + l. Let a be v(4). What are the prime factors of g(a)?
2, 3
Let z(d) = d**2 + 1. Let v be z(-1). Let t = 6 - v. Suppose 25 = t*f - 7. List the prime factors of f.
2
Suppose 171 = 3*t - 0*t. Suppose t = 2*h + h. List the prime factors of h.
19
Let d be 0 - (-5 - (-3 - -2)). Suppose r + d*r = 110. What are the prime factors of r?
2, 11
Let r(j) = -j + 10. Suppose 0 = 3*x - 5*h + 26, x - 4*h = h - 2. List the prime factors of r(x).
2, 11
Let n = 695 - 357. What are the prime factors of n?
2, 13
Let x(n) = -n**3 - 3*n**2 + 3*n - 4. Let g be x(-4). Suppose g*f - 6 = -f. List the prime factors of f.
2, 3
Suppose -8*q + 11*q - 15 = 0. Suppose 0 = -2*z - 3*k + k + 64, -164 = -4*z + q*k. What are the prime factors of z?
2, 3
Suppose 26 = 2*b + 14. Suppose -195 = c - b*c. List the prime factors of c.
3, 13
Let d(o) = -6*o**3 - 2*o**2 + o - 1. What are the prime factors of d(-2)?
37
List the prime factors of (-8)/(-6) - (-112)/6.
2, 5
List the prime factors of 45/(-6)*22/(-3).
5, 11
Let o be (-9)/6*-2*-18. List the prime factors of ((-6)/(-9))/((-3)/o).
2, 3
Let s(u) = 7 - 3*u + u**3 + 0*u**3 + 2*u - 5*u**2. Let y be s(5). Suppose -y*o = -3*f + 12, 2*o + 4 = -5*f + 24. What are the prime factors of f?
2
Let d = 5 - 5. Suppose d = g - 4*g + 6. List the prime factors of (g - 3)*-6 + 0.
2, 3
Let j = -194 + 254. List the prime factors of j.
2, 3, 5
Suppose 3*i - 4*m = 109, i + m - 37 = 3*m. Let h = i + -22. List the prime factors of h.
13
Let v(o) = -o**3 + 6*o**2 - 5*o - 4. Let b be v(5). Let s be (-86)/(-4) + 2/b. Let j = s - 11. List the prime factors of j.
2, 5
Let p = -51 - -35. What are the prime factors of (-28)/p - 2/(-8)?
2
Let l be (18/4)/(9/(-18)). Let a(f) = f**2 + 8*f + 12. List the prime factors of a(l).
3, 7
Let f be 6/(-9) + 33/9. What are the prime factors of (6/(-4))/(f/(-8))?
2
Suppose 0 = -5*n - u + 107 + 358, n + u - 89 = 0. What are the prime factors of n?
2, 47
Suppose -2*y - 16 = -y. What are the prime factors of 1/8 - 222/y?
2, 7
Let u = 1 + 7. Let h(c) = -3*c + 23. Let k(v) = -2*v + 15. Let g(l) = u*k(l) - 5*h(l). What are the prime factors of g(0)?
5
Suppose -235 = -5*y - b, b = -2*y + 115 - 18. Suppose -2*m + y = 6. Suppose 0 = -4*q + m, -5*p + 69 = 4*q + 14. List the prime factors of p.
7
Let i be (-2)/(-6) + (-2)/6. Suppose i = 3*g - 1 - 2. Suppose -x + 7 = -g. List the prime factors of x.
2
List the prime factors of (-1 - -3)*(153/6 + 6).
3, 7
Let p be 27/6*4/3. Suppose -2*m + 14 = -p. Let z(c) = 3*c - 14. What are the prime factors of z(m)?
2
Let v = 5 + -2. Suppose -4*y + 7 = -o + y, v*y + 9 = 5*o. Suppose -o*b - b = -28. List the prime factors of b.
7
Let k(l) = 2*l + 7. Let d 